 What are the prime factors of k?
2, 3, 5, 13
Let p be (-2 - 1)/(2 - (-381)/(-189)). Suppose -5*k - 3*w + 945 = 0, -2*w - p = -k - 3*w. List the prime factors of k.
3, 7
List the prime factors of 58963/(2*(-10)/(-20)).
58963
Let v be (-17 + -203)*(-1)/6*3. Let n = v + 194. What are the prime factors of n?
2, 19
Suppose -t - 1469 = -n, 0 = -0*t + t + 4. Suppose -5*a + d = -1447, 0*a + 5*d = -5*a + n. Let c = a + -153. What are the prime factors of c?
137
Let n(w) = -w**2 - 14*w + 7. Let q(o) = o. Let g(z) = n(z) + q(z). Let y be g(-13). Let u(i) = 4*i. What are the prime factors of u(y)?
2, 7
Let i = -3764 - -3763. Suppose 0 = -2*o - 3*o + 5. List the prime factors of 1*(o - 1/i).
2
Let d(n) be the third derivative of -n**4/24 + n**3/3 + 5*n**2. Let q be d(-1). Suppose -c + 100 = q*c + 2*j, -c + 4*j = -25. What are the prime factors of c?
5
Let d(x) = -x**3 - x**2. Let u(y) = 4*y**3 + 5*y**2 + 3. Let w = 62 + -60. Let s(c) = w*d(c) + u(c). What are the prime factors of s(3)?
2, 3, 7
What are the prime factors of -6*32589/(-19 - -2)?
2, 3, 71
Let t(k) = 2*k**3 - 18*k**2 + 17*k + 68. List the prime factors of t(16).
2, 3, 109
Let k(h) = 519*h - 204. What are the prime factors of k(4)?
2, 3, 13
Let q = 221221 - 157016. List the prime factors of q.
5, 12841
Let h(g) = 1141*g + 4595. What are the prime factors of h(9)?
2, 929
Suppose 18*w + 92 - 704 = 0. Suppose -10*s + 214 = w. List the prime factors of s.
2, 3
Let w(u) be the third derivative of u**4/8 + 76*u**3/3 + 7*u**2. What are the prime factors of w(-15)?
107
Let o = 515 + -753. Let g = -20 - o. What are the prime factors of g?
2, 109
Let s(j) = -89*j**3 + 55*j**2 + 21*j - 24. Let h(b) = 30*b**3 - 19*b**2 - 7*b + 8. Let i(f) = -17*h(f) - 6*s(f). List the prime factors of i(4).
2, 3, 13
Let p be (9 + -12)*(-1 - -2). Let m be p*4*4/12. What are the prime factors of (m/32 + 3003/24)/1?
5
Let y be -1 - -3*(175/(-15))/(-7). What are the prime factors of 2 + 1300 + y - (5 - 6)?
1307
Let f(c) = -40*c**2 + 1831*c + 169. List the prime factors of f(41).
2, 5
Let y = -67360 + 102884. List the prime factors of y.
2, 83, 107
Let r be (-2)/(4/(-78)) - 4. Let p = -26 + r. Suppose p - 244 = -5*s. What are the prime factors of s?
47
Suppose 0 = 5*k - k - 28224 - 72820. List the prime factors of k.
25261
List the prime factors of 7018 + 0*(-7 - 2)/54.
2, 11, 29
Let p(j) = j**2 - 17*j + 54. Let x be p(4). Suppose x*k - 5*y = 2267, 13*k - 8*k - 5*y = 5645. List the prime factors of k.
2, 563
Let u(z) = z**3 + 30*z**2 - 35*z - 998. Let t be u(-30). Suppose -x = x - 10. Suppose -x*q - k + 503 = 0, 5*q - 2*k + t = 546. List the prime factors of q.
2, 5
Let d = -22489 - -26957. What are the prime factors of d?
2, 1117
Let s(d) be the second derivative of 4*d**3/3 + 747*d**2/2 - d + 14. What are the prime factors of s(0)?
3, 83
What are the prime factors of 380/(-48) - -8 - (-255740)/48?
2, 3, 37
Let h(u) be the first derivative of -u**4/4 + 11*u**3/3 - 7*u**2 + 11*u - 367. Let n be (-2)/(-4) + (-102)/(-12). What are the prime factors of h(n)?
47
Let x(d) = -d**2 - d. Let i be 17/4 + (-9)/36. Let h(z) = 3*z**2 + 22*z + 28. Let t(v) = i*x(v) + h(v). List the prime factors of t(13).
3, 31
Let f(i) be the second derivative of 3*i**4/4 - 7*i**3/3 + 15*i**2 + i - 169. What are the prime factors of f(10)?
2, 5, 79
Suppose -12*k + 16*k - 12 = 0. Suppose k*s + 23 - 824 = 0. List the prime factors of s.
3, 89
Suppose -86*u = -89*u + 21. Suppose u*t - 370 = 925. List the prime factors of t.
5, 37
Suppose 0 = 111*m - 116*m - 8545. Let g = m - -2406. List the prime factors of g.
17, 41
Suppose -172 = -21*w + 23*w. Let i = 202 + w. List the prime factors of i.
2, 29
Let h = -20 - -15. Let v be (6/(-4))/((-6)/8). List the prime factors of v/(-10) - 421/h.
2, 3, 7
Suppose 47*h = 44*h + 246. Let l = h - 57. Suppose 5 - l = -5*b. List the prime factors of b.
2
Let d be (3 + -2)*-3 + 7. Suppose 81 = j - d. Suppose -j = -3*t + 44. What are the prime factors of t?
43
Suppose -3*w = -266 + 275, -w = -5*r + 88368. What are the prime factors of r?
3, 43, 137
Let g be (64/(-28) + 2)/(4/(-140)). Suppose 0 = 13*p - g*p - 1245. List the prime factors of p.
5, 83
Let y = 1051 + 333. Let d = y - 100. What are the prime factors of d?
2, 3, 107
Suppose -c + 303*v - 302*v - 28 = 0, -c = -3*v + 42. Suppose 0 = -5*a + 8545 - 30325. What are the prime factors of a/c - (-44)/77?
2, 13
Let u = 19 - 13. Suppose 0 = -k + u - 14. Let w(x) = x**2 - 5*x + 9. List the prime factors of w(k).
113
Let w(j) = -2 + 155 - 12 + 582*j - 268*j. What are the prime factors of w(3)?
3, 19
Let l(h) = 8*h + 63. Let u be l(-8). What are the prime factors of 1012 + (-3 - -1) - (-5 - u)?
2, 3, 13
Suppose -361*h - 10577520 = -505*h. List the prime factors of h.
3, 5, 59, 83
Suppose -57*a - 59*a = -114*a - 32208. What are the prime factors of a?
2, 3, 11, 61
Let v(y) = -48*y + 2. Suppose 3*g + 5 = 2*g. Let j(m) = -49*m + 3. Let n(q) = g*v(q) + 4*j(q). What are the prime factors of n(3)?
2, 67
Let d = -6 - -26. Let i = d + -15. Let y(x) = 6*x - 7. What are the prime factors of y(i)?
23
Let g(o) = o**3 + 4*o**2 + 53*o + 25. What are the prime factors of g(20)?
5, 2137
Let h = -170 + 212. Suppose 24*l + 6768 = h*l. What are the prime factors of l?
2, 47
Suppose -i = -5*i - 5*b + 13, -15 = -5*i - 5*b. Suppose -2443 = -i*z - 821. What are the prime factors of z?
811
Suppose 4*h + 6 = 2*h, 3*h = 3*b - 147. Let y = 1254 - 896. Suppose y = 2*s + b. List the prime factors of s.
2, 3, 13
Let z(x) = -29 + 15 + 20 - 444*x. Let a be z(-1). Suppose w + a = 4*w. List the prime factors of w.
2, 3, 5
Suppose -77*m = -78*m + 30872. List the prime factors of m.
2, 17, 227
Let x = -26702 + 44819. What are the prime factors of x?
3, 11, 61
Suppose 4*o - 81 = -4*x + 23, -2*o = 3*x - 54. Let h = o + -17. Suppose -2*y = -h*y + 3*d + 182, 5*y + 4*d - 154 = 0. What are the prime factors of y?
2, 17
Suppose 0 = -2*d + 3*f + 1 + 4, 2*d = -f + 25. Let a be (-4)/d - (-28)/70. Suppose 3*r - 60 = -5*i, 4*r + 0*i - i - 80 = a. What are the prime factors of r?
2, 5
Suppose -39708 = -4*j + 4*q, -4*q - 19824 = -2*j - 8*q. List the prime factors of j.
2, 11, 41
Suppose -11*p - 22611 = 5120. Let h = 3951 + p. What are the prime factors of h?
2, 5, 11, 13
Suppose -5*g - 18 = -4*g - 2*n, -4*n = -4*g - 92. Let d = g - -22. Let z(c) = c**3 + 8*c**2 + 12*c + 8. List the prime factors of z(d).
2
Suppose -3*p - 5 = -26. List the prime factors of -3*(-195 + p - 0/(-3)).
2, 3, 47
Let h(m) = 12*m**2 - 414*m + 586. What are the prime factors of h(63)?
2, 11, 503
Let t(g) = -9*g + 23. Let p be t(12). Let k = -84 - p. List the prime factors of k - 6/((-18)/231)*1.
2, 3, 13
Let j(a) = 185*a**2 + 6*a - 125. List the prime factors of j(-10).
3, 5, 11, 37
Let f = -79 + 64. Let w(j) = -2*j**2 + 11. Let m be w(f). Let h = m + 615. What are the prime factors of h?
2, 11
Suppose 5*y + 6*q - 50387 = 0, -12*y + 5*q - 30221 = -15*y. List the prime factors of y.
7, 11, 131
Let o = 444 - 289. What are the prime factors of 9/(360/184)*o?
23, 31
Let h = 86962 + -32300. List the prime factors of h.
2, 151, 181
Suppose -8*t + d = -5*t + 1238, 4*t - 3*d + 1649 = 0. Let s = -286 - t. List the prime factors of s.
127
Suppose 0 = o + 5*y - 70209, -5*o + 33*y + 351213 = 30*y. List the prime factors of o.
3, 13, 1801
Let w = 130 - -30271. What are the prime factors of w?
7, 43, 101
Let s = 255 + -399. Suppose 91*m - 98*m = 14. What are the prime factors of m/18 - 3184/s?
2, 11
Suppose -4*g = -0*g - 12. Suppose g*o = -3*s + 12, 2*s = -2*s - o + 7. What are the prime factors of 5/1 - (-3 - (0 - s))?
7
List the prime factors of 1016*12*5/120.
2, 127
Suppose -13*x + 129206 + 87786 = -199840. List the prime factors of x.
2, 3, 167
Let h be -1 + (-1 + 4 - 4). Let s(o) = 2*o**2 + 2*o - 1. Let w be s(h). Suppose -10 = -2*c + m + w, 0 = 3*c + m - 22. What are the prime factors of c?
7
Let f(t) = 366*t**2 - 3 - 1450*t**3 - 181*t**2 - 186*t**2 - 4*t. Let n be f(-1). Suppose -2*s = -12*s + n. What are the prime factors of s?
5, 29
Suppose 73 = h - 0*r - 4*r, 0 = 4*h - 5*r - 336. Let o = h + -87. Suppose 4*k = -o*y + 230, 232 = 2*k + 2*k + 4*y. What are the prime factors of k?
3, 19
Suppose 33*r - 719865 = 2*r - 77855. List the prime factors of r.
2, 5, 19